{"id":687,"date":"2016-08-17T19:46:13","date_gmt":"2016-08-17T19:46:13","guid":{"rendered":"https:\/\/marinamorris.com\/?page_id=687"},"modified":"2025-09-22T23:05:46","modified_gmt":"2025-09-22T23:05:46","slug":"servicios-fotograficos","status":"publish","type":"page","link":"https:\/\/marinamorris.com\/index.php\/servicios-fotograficos\/","title":{"rendered":"Servicios fotogr\u00e1ficos"},"content":{"rendered":"<p style=\"text-align: justify;\">Realizo la producci\u00f3n de im\u00e1genes comerciales y documentales para medios electr\u00f3nicos y editoriales:<\/p>\n<ul>\n<li><a href=\"https:\/\/youtu.be\/PmuASxMTNb8\" target=\"_blank\" rel=\"noopener\">Dron<\/a><\/li>\n<li><a href=\"https:\/\/marinamorris.com\/index.php\/photostory\/retrato\/\">Retrato<\/a><\/li>\n<li><a href=\"https:\/\/marinamorris.com\/index.php\/photostory\/product-shot\/\">De producto\u00a0<\/a><\/li>\n<li><a href=\"https:\/\/marinamorris.com\/index.php\/photostories\/documental\/\">Documental<\/a><\/li>\n<li><a href=\"https:\/\/marinamorris.com\/index.php\/project\/diconsa\/\">Fotoperiodismo<\/a><\/li>\n<li>Proyectos editoriales<\/li>\n<li><a href=\"http:\/\/www.rinomp.com\/mercado-de-san-juan\/\" target=\"_blank\" rel=\"noopener\">Proyectos web<\/a><\/li>\n<li><a href=\"http:\/\/www.rinomp.com\/?p=197\" target=\"_blank\" rel=\"noopener\">Fotograf\u00eda In Situ<\/a><\/li>\n<li>Retoque digital<\/li>\n<li>Rescate y cat\u00e1logo de acervos fotogr\u00e1ficos<\/li>\n<li><a href=\"https:\/\/vimeo.com\/225915305\" target=\"_blank\" rel=\"noopener\">Time Lapse<\/a><\/li>\n<\/ul>\n<p>Si requieres presupuesto para alg\u00fan servicio fotogr\u00e1fico, cont\u00e1ctame:\u00a0<\/p>\n<p><a href=\"mailto:marinamorris@me.com\">marinamorris@me.com<\/a><\/p>\n<p>559199\u00b77185 (CDMX)<\/p>\n\n\n<p><\/p>\n","protected":false},"excerpt":{"rendered":"<p>Realizo la producci\u00f3n de im\u00e1genes comerciales y documentales para medios electr\u00f3nicos y editoriales: Dron Retrato De producto\u00a0 Documental Fotoperiodismo Proyectos editoriales Proyectos web Fotograf\u00eda In Situ Retoque digital Rescate y cat\u00e1logo de acervos fotogr\u00e1ficos Time Lapse Si requieres presupuesto para alg\u00fan servicio fotogr\u00e1fico, cont\u00e1ctame:\u00a0 marinamorris@me.com 559199\u00b77185 (CDMX)<\/p>\n","protected":false},"author":1,"featured_media":9,"parent":0,"menu_order":0,"comment_status":"closed","ping_status":"closed","template":"","meta":{"footnotes":""},"class_list":["post-687","page","type-page","status-publish","has-post-thumbnail","hentry"],"_links":{"self":[{"href":"https:\/\/marinamorris.com\/index.php\/wp-json\/wp\/v2\/pages\/687","targetHints":{"allow":["GET"]}}],"collection":[{"href":"https:\/\/marinamorris.com\/index.php\/wp-json\/wp\/v2\/pages"}],"about":[{"href":"https:\/\/marinamorris.com\/index.php\/wp-json\/wp\/v2\/types\/page"}],"author":[{"embeddable":true,"href":"https:\/\/marinamorris.com\/index.php\/wp-json\/wp\/v2\/users\/1"}],"replies":[{"embeddable":true,"href":"https:\/\/marinamorris.com\/index.php\/wp-json\/wp\/v2\/comments?post=687"}],"version-history":[{"count":9,"href":"https:\/\/marinamorris.com\/index.php\/wp-json\/wp\/v2\/pages\/687\/revisions"}],"predecessor-version":[{"id":1162,"href":"https:\/\/marinamorris.com\/index.php\/wp-json\/wp\/v2\/pages\/687\/revisions\/1162"}],"wp:featuredmedia":[{"embeddable":true,"href":"https:\/\/marinamorris.com\/index.php\/wp-json\/wp\/v2\/media\/9"}],"wp:attachment":[{"href":"https:\/\/marinamorris.com\/index.php\/wp-json\/wp\/v2\/media?parent=687"}],"curies":[{"name":"wp","href":"https:\/\/api.w.org\/{rel}","templated":true}]}}